{"id":6806,"date":"2023-11-15T21:39:37","date_gmt":"2023-11-15T20:39:37","guid":{"rendered":"https:\/\/gersrenov.com\/?page_id=6806"},"modified":"2024-01-15T21:51:13","modified_gmt":"2024-01-15T20:51:13","slug":"isolation-exterieure","status":"publish","type":"page","link":"https:\/\/gersrenov.com\/index.php\/isolation-exterieure\/","title":{"rendered":"Isolation exterieure"},"content":{"rendered":"\t\t<div data-elementor-type=\"wp-page\" data-elementor-id=\"6806\" class=\"elementor elementor-6806\">\n\t\t\t\t\t\t\t<div class=\"elementor-element elementor-element-45e5d9a e-flex e-con-boxed e-con e-parent\" data-id=\"45e5d9a\" data-element_type=\"container\" data-settings=\"{&quot;content_width&quot;:&quot;boxed&quot;}\" data-core-v316-plus=\"true\">\n\t\t\t\t\t<div class=\"e-con-inner\">\n\t\t\t\t<div class=\"elementor-element elementor-element-d833fe0 exad-sticky-section-no exad-glass-effect-no elementor-widget elementor-widget-heading\" data-id=\"d833fe0\" data-element_type=\"widget\" data-widget_type=\"heading.default\">\n\t\t\t\t<div class=\"elementor-widget-container\">\n\t\t\t<style>\/*! elementor - v3.18.0 - 20-12-2023 *\/\n.elementor-heading-title{padding:0;margin:0;line-height:1}.elementor-widget-heading .elementor-heading-title[class*=elementor-size-]>a{color:inherit;font-size:inherit;line-height:inherit}.elementor-widget-heading .elementor-heading-title.elementor-size-small{font-size:15px}.elementor-widget-heading .elementor-heading-title.elementor-size-medium{font-size:19px}.elementor-widget-heading .elementor-heading-title.elementor-size-large{font-size:29px}.elementor-widget-heading .elementor-heading-title.elementor-size-xl{font-size:39px}.elementor-widget-heading .elementor-heading-title.elementor-size-xxl{font-size:59px}<\/style><h2 class=\"elementor-heading-title elementor-size-default\">Investir dans le Confort et l'\u00c9conomie d'\u00c9nergie : L'Isolation Thermique des Murs, Int\u00e9rieur ou Ext\u00e9rieur<\/h2>\t\t<\/div>\n\t\t\t\t<\/div>\n\t\t\t\t\t<\/div>\n\t\t\t\t<\/div>\n\t\t<div class=\"elementor-element elementor-element-c5201e5 e-con-full e-flex e-con e-parent\" data-id=\"c5201e5\" data-element_type=\"container\" data-settings=\"{&quot;content_width&quot;:&quot;full&quot;}\" data-core-v316-plus=\"true\">\n\t\t\t\t<div class=\"elementor-element elementor-element-53a85c5 exad-sticky-section-no exad-glass-effect-no elementor-widget elementor-widget-text-editor\" data-id=\"53a85c5\" data-element_type=\"widget\" data-widget_type=\"text-editor.default\">\n\t\t\t\t<div class=\"elementor-widget-container\">\n\t\t\t<style>\/*! elementor - v3.18.0 - 20-12-2023 *\/\n.elementor-widget-text-editor.elementor-drop-cap-view-stacked .elementor-drop-cap{background-color:#69727d;color:#fff}.elementor-widget-text-editor.elementor-drop-cap-view-framed .elementor-drop-cap{color:#69727d;border:3px solid;background-color:transparent}.elementor-widget-text-editor:not(.elementor-drop-cap-view-default) .elementor-drop-cap{margin-top:8px}.elementor-widget-text-editor:not(.elementor-drop-cap-view-default) .elementor-drop-cap-letter{width:1em;height:1em}.elementor-widget-text-editor .elementor-drop-cap{float:left;text-align:center;line-height:1;font-size:50px}.elementor-widget-text-editor .elementor-drop-cap-letter{display:inline-block}<\/style>\t\t\t\t<p>Gr\u00e2ce \u00e0 notre certification <strong>RGE (Reconnu Garant de l&#8217;Environnement) <\/strong>, vous \u00eates \u00e9ligible \u00e0 plusieurs programmes de soutien \u00e0 la r\u00e9novation. Profitez de <strong>FranceR\u00e9nov&#8217;<\/strong>, de <strong>l&#8217;\u00e9co-PTZ<\/strong> (Pr\u00eat \u00e0 Taux Z\u00e9ro \u00e9cologique) et de la <strong>TVA r\u00e9duite \u00e0 5,5% <\/strong>et des aides de <strong>l&#8217;ANAH. <\/strong>Ces aides\u00a0 all\u00e8gent votre budget et rendent vos travaux d&#8217;isolation plus accessibles que jamais.<\/p>\t\t\t\t\t\t<\/div>\n\t\t\t\t<\/div>\n\t\t\t\t<\/div>\n\t\t<div class=\"elementor-element elementor-element-4f7fbe4 e-flex e-con-boxed e-con e-parent\" data-id=\"4f7fbe4\" data-element_type=\"container\" data-settings=\"{&quot;content_width&quot;:&quot;boxed&quot;}\" data-core-v316-plus=\"true\">\n\t\t\t\t\t<div class=\"e-con-inner\">\n\t\t\t\t<div class=\"elementor-element elementor-element-89455d8 exad-sticky-section-no exad-glass-effect-no elementor-widget elementor-widget-heading\" data-id=\"89455d8\" data-element_type=\"widget\" data-widget_type=\"heading.default\">\n\t\t\t\t<div class=\"elementor-widget-container\">\n\t\t\t<h2 class=\"elementor-heading-title elementor-size-default\">Les diff\u00e9rentes techniques d'isolation par l'ext\u00e9rieur<\/h2>\t\t<\/div>\n\t\t\t\t<\/div>\n\t\t\t\t\t<\/div>\n\t\t\t\t<\/div>\n\t\t<div class=\"elementor-element elementor-element-3aa2524 e-flex e-con-boxed e-con e-parent\" data-id=\"3aa2524\" data-element_type=\"container\" data-settings=\"{&quot;content_width&quot;:&quot;boxed&quot;}\" data-core-v316-plus=\"true\">\n\t\t\t\t\t<div class=\"e-con-inner\">\n\t\t<div class=\"elementor-element elementor-element-ddf8a45 e-con-full e-flex e-con e-child\" data-id=\"ddf8a45\" data-element_type=\"container\" data-settings=\"{&quot;content_width&quot;:&quot;full&quot;}\">\n\t\t\t\t<div class=\"elementor-element elementor-element-5adb0cd exad-sticky-section-no exad-glass-effect-no elementor-widget elementor-widget-text-editor\" data-id=\"5adb0cd\" data-element_type=\"widget\" data-widget_type=\"text-editor.default\">\n\t\t\t\t<div class=\"elementor-widget-container\">\n\t\t\t\t\t\t\t<p><strong>L&#8217;isolation thermique par l&#8217;ext\u00e9rieur se concr\u00e9tise g\u00e9n\u00e9ralement de la mani\u00e8re suivante :<\/strong><\/p><h6>Isolation avec enduit<\/h6><p>Notre entreprise assure la fixation de l&#8217;isolation de votre maison, que ce soit par l&#8217;utilisation de chevilles ou par collage avec un mortier-colle, voire les deux. Nous appliquons ces m\u00e9thodes directement sur le mur ext\u00e9rieur de votre r\u00e9sidence. Ensuite, notre \u00e9quipe proc\u00e8de \u00e0 l&#8217;application d&#8217;un premier enduit d&#8217;accrochage avec un treillis d&#8217;armature en fibres de verre, suivi d&#8217;une couche de fond pour l&#8217;aplatissement, et enfin d&#8217;un enduit de finition, assurant ainsi un travail complet et soign\u00e9.<\/p><h6>Isolation avec bardage<\/h6><div class=\"group w-full text-token-text-primary border-b border-black\/10 gizmo:border-0 dark:border-gray-900\/50 gizmo:dark:border-0 bg-gray-50 gizmo:bg-transparent dark:bg-[#444654] gizmo:dark:bg-transparent\" data-testid=\"conversation-turn-35\"><div class=\"p-4 gizmo:py-2 justify-center text-base md:gap-6 md:py-6 m-auto\"><div class=\"flex flex-1 gap-4 text-base mx-auto md:gap-6 gizmo:gap-3 gizmo:md:px-5 gizmo:lg:px-1 gizmo:xl:px-5 md:max-w-2xl lg:max-w-[38rem] gizmo:md:max-w-3xl gizmo:lg:max-w-[40rem] gizmo:xl:max-w-[48rem] xl:max-w-3xl }\"><div class=\"relative flex w-[calc(100%-50px)] flex-col gizmo:w-full lg:w-[calc(100%-115px)] agent-turn\"><div class=\"flex-col gap-1 md:gap-3\"><div class=\"flex flex-grow flex-col max-w-full gap-3 gizmo:gap-0\"><div class=\"min-h-[20px] text-message peer flex flex-col items-start gap-3 whitespace-pre-wrap break-words peer-[.text-message]:mt-5 overflow-x-auto\" data-message-author-role=\"assistant\" data-message-id=\"8708ff67-7036-44a3-945c-c3d45152991e\"><div class=\"markdown prose w-full break-words dark:prose-invert light\"><div class=\"group w-full text-token-text-primary border-b border-black\/10 gizmo:border-0 dark:border-gray-900\/50 gizmo:dark:border-0 bg-gray-50 gizmo:bg-transparent dark:bg-[#444654] gizmo:dark:bg-transparent\" data-testid=\"conversation-turn-37\"><div class=\"p-4 gizmo:py-2 justify-center text-base md:gap-6 md:py-6 m-auto\"><div class=\"flex flex-1 gap-4 text-base mx-auto md:gap-6 gizmo:gap-3 gizmo:md:px-5 gizmo:lg:px-1 gizmo:xl:px-5 md:max-w-2xl lg:max-w-[38rem] gizmo:md:max-w-3xl gizmo:lg:max-w-[40rem] gizmo:xl:max-w-[48rem] xl:max-w-3xl }\"><div class=\"relative flex w-[calc(100%-50px)] flex-col gizmo:w-full lg:w-[calc(100%-115px)] agent-turn\"><div class=\"flex-col gap-1 md:gap-3\"><div class=\"flex flex-grow flex-col max-w-full gap-3 gizmo:gap-0\"><div class=\"min-h-[20px] text-message peer flex flex-col items-start gap-3 whitespace-pre-wrap break-words peer-[.text-message]:mt-5 overflow-x-auto\" data-message-author-role=\"assistant\" data-message-id=\"30fa59ed-c1db-465a-8c4a-cd4ab4277692\"><div class=\"markdown prose w-full break-words dark:prose-invert light\"><p>Dans cette situation, on fixe une structure sur le mur ext\u00e9rieur pour soutenir l&#8217;isolation. On la prot\u00e8ge des intemp\u00e9ries avec un pare-pluie, et on ajoute un bardage en bois pour un style plus moderne<\/p><\/div><\/div><\/div><\/div><\/div><\/div><\/div><\/div><\/div><\/div><\/div><\/div><\/div><\/div><\/div><\/div>\t\t\t\t\t\t<\/div>\n\t\t\t\t<\/div>\n\t\t\t\t<\/div>\n\t\t<div class=\"elementor-element elementor-element-95d616e e-con-full e-flex e-con e-child\" data-id=\"95d616e\" data-element_type=\"container\" data-settings=\"{&quot;content_width&quot;:&quot;full&quot;}\">\n\t\t<div class=\"elementor-element elementor-element-d0fc433 e-flex e-con-boxed e-con e-child\" data-id=\"d0fc433\" data-element_type=\"container\" data-settings=\"{&quot;content_width&quot;:&quot;boxed&quot;}\">\n\t\t\t\t\t<div class=\"e-con-inner\">\n\t\t\t\t\t<\/div>\n\t\t\t\t<\/div>\n\t\t<div class=\"elementor-element elementor-element-11ae24a e-flex e-con-boxed e-con e-child\" data-id=\"11ae24a\" data-element_type=\"container\" data-settings=\"{&quot;content_width&quot;:&quot;boxed&quot;}\">\n\t\t\t\t\t<div class=\"e-con-inner\">\n\t\t\t\t\t<\/div>\n\t\t\t\t<\/div>\n\t\t\t\t<\/div>\n\t\t\t\t\t<\/div>\n\t\t\t\t<\/div>\n\t\t<div class=\"elementor-element elementor-element-34072cd e-flex e-con-boxed e-con e-parent\" data-id=\"34072cd\" data-element_type=\"container\" data-settings=\"{&quot;content_width&quot;:&quot;boxed&quot;}\" data-core-v316-plus=\"true\">\n\t\t\t\t\t<div class=\"e-con-inner\">\n\t\t\t\t<div class=\"elementor-element elementor-element-d4c4240 zeus-fixed-yes zeus-button-position-right exad-sticky-section-no exad-glass-effect-no elementor-widget elementor-widget-zeus-scroll-up\" data-id=\"d4c4240\" data-element_type=\"widget\" data-widget_type=\"zeus-scroll-up.default\">\n\t\t\t\t<div class=\"elementor-widget-container\">\n\t\t\t\n\t\t<div class=\"zeus-scroll-button\">\n\t\t\t<a href=\"#\" class=\"button elementor-button\">\n\t\t\t\t\t\t<span class=\"zeus-button-icon\">\n\t\t\t<i aria-hidden=\"true\" class=\"fas fa-angle-up\"><\/i>\t\t<\/span>\n\t\t\t\t\t<\/a>\n\t\t<\/div>\n\n\t\t\t\t<\/div>\n\t\t\t\t<\/div>\n\t\t\t\t\t<\/div>\n\t\t\t\t<\/div>\n\t\t\t\t\t\t\t<\/div>\n\t\t","protected":false},"excerpt":{"rendered":"<p>Investir dans le Confort et l&#8217;\u00c9conomie d&#8217;\u00c9nergie : L&#8217;Isolation Thermique des Murs, Int\u00e9rieur ou Ext\u00e9rieur Gr\u00e2ce \u00e0 notre certification RGE (Reconnu Garant de l&#8217;Environnement) , vous \u00eates \u00e9ligible \u00e0 plusieurs programmes de soutien \u00e0 la r\u00e9novation. Profitez de FranceR\u00e9nov&#8217;, de l&#8217;\u00e9co-PTZ (Pr\u00eat \u00e0 Taux Z\u00e9ro \u00e9cologique) et de la TVA r\u00e9duite \u00e0 5,5% et des &hellip;<\/p>\n<p class=\"read-more\"> <a class=\"\" href=\"https:\/\/gersrenov.com\/index.php\/isolation-exterieure\/\"> <span class=\"screen-reader-text\">Isolation exterieure<\/span> Lire la suite\u00a0\u00bb<\/a><\/p>\n","protected":false},"author":1,"featured_media":0,"parent":0,"menu_order":0,"comment_status":"closed","ping_status":"closed","template":"","meta":{"inline_featured_image":false,"site-sidebar-layout":"no-sidebar","site-content-layout":"page-builder","ast-site-content-layout":"full-width-container","site-content-style":"default","site-sidebar-style":"default","ast-global-header-display":"","ast-banner-title-visibility":"","ast-main-header-display":"","ast-hfb-above-header-display":"","ast-hfb-below-header-display":"","ast-hfb-mobile-header-display":"","site-post-title":"disabled","ast-breadcrumbs-content":"","ast-featured-img":"disabled","footer-sml-layout":"","theme-transparent-header-meta":"","adv-header-id-meta":"","stick-header-meta":"","header-above-stick-meta":"","header-main-stick-meta":"","header-below-stick-meta":"","astra-migrate-meta-layouts":"set","footnotes":""},"class_list":["post-6806","page","type-page","status-publish","hentry"],"yoast_head":"<!-- This site is optimized with the Yoast SEO plugin v21.9.1 - https:\/\/yoast.com\/wordpress\/plugins\/seo\/ -->\n<title>Isolation exterieure - GERSRENOV isolation ext\u00e9rieure RGE<\/title>\n<meta name=\"description\" content=\"Isolation thermique sur mesure pour murs int\u00e9rieurs\/ext\u00e9rieurs. Confort et \u00e9conomie d&#039;\u00e9nergie assur\u00e9s. Optimisez votre habitat avec nos services sp\u00e9cialis\u00e9s.RGE\" \/>\n<meta name=\"robots\" content=\"index, follow, max-snippet:-1, max-image-preview:large, max-video-preview:-1\" \/>\n<link rel=\"canonical\" href=\"https:\/\/gersrenov.com\/index.php\/isolation-exterieure\/\" \/>\n<meta property=\"og:locale\" content=\"fr_FR\" \/>\n<meta property=\"og:type\" content=\"article\" \/>\n<meta property=\"og:title\" content=\"Isolation exterieure - GERSRENOV isolation ext\u00e9rieure RGE\" \/>\n<meta property=\"og:description\" content=\"Isolation thermique sur mesure pour murs int\u00e9rieurs\/ext\u00e9rieurs. Confort et \u00e9conomie d&#039;\u00e9nergie assur\u00e9s. Optimisez votre habitat avec nos services sp\u00e9cialis\u00e9s.RGE\" \/>\n<meta property=\"og:url\" content=\"https:\/\/gersrenov.com\/index.php\/isolation-exterieure\/\" \/>\n<meta property=\"og:site_name\" content=\"GERSRENOV\" \/>\n<meta property=\"article:modified_time\" content=\"2024-01-15T20:51:13+00:00\" \/>\n<meta property=\"og:image\" content=\"https:\/\/gersrenov.com\/wp-content\/uploads\/2023\/10\/cropped-cropped-cropped-cropped-cropped-cropped-cropped-cropped-logook.png\" \/>\n\t<meta property=\"og:image:width\" content=\"250\" \/>\n\t<meta property=\"og:image:height\" content=\"130\" \/>\n\t<meta property=\"og:image:type\" content=\"image\/png\" \/>\n<meta name=\"twitter:card\" content=\"summary_large_image\" \/>\n<meta name=\"twitter:label1\" content=\"Dur\u00e9e de lecture estim\u00e9e\" \/>\n\t<meta name=\"twitter:data1\" content=\"2 minutes\" \/>\n<script type=\"application\/ld+json\" class=\"yoast-schema-graph\">{\"@context\":\"https:\/\/schema.org\",\"@graph\":[{\"@type\":\"WebPage\",\"@id\":\"https:\/\/gersrenov.com\/index.php\/isolation-exterieure\/\",\"url\":\"https:\/\/gersrenov.com\/index.php\/isolation-exterieure\/\",\"name\":\"Isolation exterieure - GERSRENOV isolation ext\u00e9rieure RGE\",\"isPartOf\":{\"@id\":\"https:\/\/gersrenov.com\/#website\"},\"datePublished\":\"2023-11-15T20:39:37+00:00\",\"dateModified\":\"2024-01-15T20:51:13+00:00\",\"description\":\"Isolation thermique sur mesure pour murs int\u00e9rieurs\/ext\u00e9rieurs. Confort et \u00e9conomie d'\u00e9nergie assur\u00e9s. Optimisez votre habitat avec nos services sp\u00e9cialis\u00e9s.RGE\",\"breadcrumb\":{\"@id\":\"https:\/\/gersrenov.com\/index.php\/isolation-exterieure\/#breadcrumb\"},\"inLanguage\":\"fr-FR\",\"potentialAction\":[{\"@type\":\"ReadAction\",\"target\":[\"https:\/\/gersrenov.com\/index.php\/isolation-exterieure\/\"]}]},{\"@type\":\"BreadcrumbList\",\"@id\":\"https:\/\/gersrenov.com\/index.php\/isolation-exterieure\/#breadcrumb\",\"itemListElement\":[{\"@type\":\"ListItem\",\"position\":1,\"name\":\"Accueil\",\"item\":\"https:\/\/gersrenov.com\/\"},{\"@type\":\"ListItem\",\"position\":2,\"name\":\"Isolation exterieure\"}]},{\"@type\":\"WebSite\",\"@id\":\"https:\/\/gersrenov.com\/#website\",\"url\":\"https:\/\/gersrenov.com\/\",\"name\":\"GERSRENOV\",\"description\":\"renovations et extansion\",\"publisher\":{\"@id\":\"https:\/\/gersrenov.com\/#organization\"},\"alternateName\":\"fp-construction\",\"potentialAction\":[{\"@type\":\"SearchAction\",\"target\":{\"@type\":\"EntryPoint\",\"urlTemplate\":\"https:\/\/gersrenov.com\/?s={search_term_string}\"},\"query-input\":\"required name=search_term_string\"}],\"inLanguage\":\"fr-FR\"},{\"@type\":\"Organization\",\"@id\":\"https:\/\/gersrenov.com\/#organization\",\"name\":\"gersrenovation specialiste en renovation de maison\",\"url\":\"https:\/\/gersrenov.com\/\",\"logo\":{\"@type\":\"ImageObject\",\"inLanguage\":\"fr-FR\",\"@id\":\"https:\/\/gersrenov.com\/#\/schema\/logo\/image\/\",\"url\":\"https:\/\/gersrenov.com\/wp-content\/uploads\/2023\/10\/cropped-cropped-cropped-cropped-cropped-cropped-cropped-cropped-logook.png\",\"contentUrl\":\"https:\/\/gersrenov.com\/wp-content\/uploads\/2023\/10\/cropped-cropped-cropped-cropped-cropped-cropped-cropped-cropped-logook.png\",\"width\":250,\"height\":130,\"caption\":\"gersrenovation specialiste en renovation de maison\"},\"image\":{\"@id\":\"https:\/\/gersrenov.com\/#\/schema\/logo\/image\/\"}}]}<\/script>\n<!-- \/ Yoast SEO plugin. -->","yoast_head_json":{"title":"Isolation exterieure - GERSRENOV isolation ext\u00e9rieure RGE","description":"Isolation thermique sur mesure pour murs int\u00e9rieurs\/ext\u00e9rieurs. Confort et \u00e9conomie d'\u00e9nergie assur\u00e9s. Optimisez votre habitat avec nos services sp\u00e9cialis\u00e9s.RGE","robots":{"index":"index","follow":"follow","max-snippet":"max-snippet:-1","max-image-preview":"max-image-preview:large","max-video-preview":"max-video-preview:-1"},"canonical":"https:\/\/gersrenov.com\/index.php\/isolation-exterieure\/","og_locale":"fr_FR","og_type":"article","og_title":"Isolation exterieure - GERSRENOV isolation ext\u00e9rieure RGE","og_description":"Isolation thermique sur mesure pour murs int\u00e9rieurs\/ext\u00e9rieurs. Confort et \u00e9conomie d'\u00e9nergie assur\u00e9s. Optimisez votre habitat avec nos services sp\u00e9cialis\u00e9s.RGE","og_url":"https:\/\/gersrenov.com\/index.php\/isolation-exterieure\/","og_site_name":"GERSRENOV","article_modified_time":"2024-01-15T20:51:13+00:00","og_image":[{"width":250,"height":130,"url":"https:\/\/gersrenov.com\/wp-content\/uploads\/2023\/10\/cropped-cropped-cropped-cropped-cropped-cropped-cropped-cropped-logook.png","type":"image\/png"}],"twitter_card":"summary_large_image","twitter_misc":{"Dur\u00e9e de lecture estim\u00e9e":"2 minutes"},"schema":{"@context":"https:\/\/schema.org","@graph":[{"@type":"WebPage","@id":"https:\/\/gersrenov.com\/index.php\/isolation-exterieure\/","url":"https:\/\/gersrenov.com\/index.php\/isolation-exterieure\/","name":"Isolation exterieure - GERSRENOV isolation ext\u00e9rieure RGE","isPartOf":{"@id":"https:\/\/gersrenov.com\/#website"},"datePublished":"2023-11-15T20:39:37+00:00","dateModified":"2024-01-15T20:51:13+00:00","description":"Isolation thermique sur mesure pour murs int\u00e9rieurs\/ext\u00e9rieurs. Confort et \u00e9conomie d'\u00e9nergie assur\u00e9s. Optimisez votre habitat avec nos services sp\u00e9cialis\u00e9s.RGE","breadcrumb":{"@id":"https:\/\/gersrenov.com\/index.php\/isolation-exterieure\/#breadcrumb"},"inLanguage":"fr-FR","potentialAction":[{"@type":"ReadAction","target":["https:\/\/gersrenov.com\/index.php\/isolation-exterieure\/"]}]},{"@type":"BreadcrumbList","@id":"https:\/\/gersrenov.com\/index.php\/isolation-exterieure\/#breadcrumb","itemListElement":[{"@type":"ListItem","position":1,"name":"Accueil","item":"https:\/\/gersrenov.com\/"},{"@type":"ListItem","position":2,"name":"Isolation exterieure"}]},{"@type":"WebSite","@id":"https:\/\/gersrenov.com\/#website","url":"https:\/\/gersrenov.com\/","name":"GERSRENOV","description":"renovations et extansion","publisher":{"@id":"https:\/\/gersrenov.com\/#organization"},"alternateName":"fp-construction","potentialAction":[{"@type":"SearchAction","target":{"@type":"EntryPoint","urlTemplate":"https:\/\/gersrenov.com\/?s={search_term_string}"},"query-input":"required name=search_term_string"}],"inLanguage":"fr-FR"},{"@type":"Organization","@id":"https:\/\/gersrenov.com\/#organization","name":"gersrenovation specialiste en renovation de maison","url":"https:\/\/gersrenov.com\/","logo":{"@type":"ImageObject","inLanguage":"fr-FR","@id":"https:\/\/gersrenov.com\/#\/schema\/logo\/image\/","url":"https:\/\/gersrenov.com\/wp-content\/uploads\/2023\/10\/cropped-cropped-cropped-cropped-cropped-cropped-cropped-cropped-logook.png","contentUrl":"https:\/\/gersrenov.com\/wp-content\/uploads\/2023\/10\/cropped-cropped-cropped-cropped-cropped-cropped-cropped-cropped-logook.png","width":250,"height":130,"caption":"gersrenovation specialiste en renovation de maison"},"image":{"@id":"https:\/\/gersrenov.com\/#\/schema\/logo\/image\/"}}]}},"_links":{"self":[{"href":"https:\/\/gersrenov.com\/index.php\/wp-json\/wp\/v2\/pages\/6806","targetHints":{"allow":["GET"]}}],"collection":[{"href":"https:\/\/gersrenov.com\/index.php\/wp-json\/wp\/v2\/pages"}],"about":[{"href":"https:\/\/gersrenov.com\/index.php\/wp-json\/wp\/v2\/types\/page"}],"author":[{"embeddable":true,"href":"https:\/\/gersrenov.com\/index.php\/wp-json\/wp\/v2\/users\/1"}],"replies":[{"embeddable":true,"href":"https:\/\/gersrenov.com\/index.php\/wp-json\/wp\/v2\/comments?post=6806"}],"version-history":[{"count":10,"href":"https:\/\/gersrenov.com\/index.php\/wp-json\/wp\/v2\/pages\/6806\/revisions"}],"predecessor-version":[{"id":7114,"href":"https:\/\/gersrenov.com\/index.php\/wp-json\/wp\/v2\/pages\/6806\/revisions\/7114"}],"wp:attachment":[{"href":"https:\/\/gersrenov.com\/index.php\/wp-json\/wp\/v2\/media?parent=6806"}],"curies":[{"name":"wp","href":"https:\/\/api.w.org\/{rel}","templated":true}]}}